{"id":2692,"date":"2024-10-02T09:52:08","date_gmt":"2024-10-02T13:52:08","guid":{"rendered":"https:\/\/centraide-rcoq.ca\/cdq\/?page_id=2692"},"modified":"2024-10-02T10:39:07","modified_gmt":"2024-10-02T14:39:07","slug":"cercle-des-philanthropes-emergents","status":"publish","type":"page","link":"https:\/\/centraide-rcoq.ca\/cdq\/cercle-des-philanthropes-emergents\/","title":{"rendered":"Cercle des philanthropes \u00e9mergents"},"content":{"rendered":"\t\t<div data-elementor-type=\"wp-post\" data-elementor-id=\"2692\" class=\"elementor elementor-2692\" data-elementor-post-type=\"page\">\n\t\t\t\t\t\t<section class=\"elementor-section elementor-top-section elementor-element elementor-element-c62b646 elementor-section-content-middle elementor-section-boxed elementor-section-height-default elementor-section-height-default\" data-id=\"c62b646\" data-element_type=\"section\" data-e-type=\"section\" data-settings=\"{&quot;background_background&quot;:&quot;classic&quot;}\">\n\t\t\t\t\t\t<div class=\"elementor-container elementor-column-gap-default\">\n\t\t\t\t\t<div class=\"elementor-column elementor-col-100 elementor-top-column elementor-element elementor-element-08cbf61\" data-id=\"08cbf61\" data-element_type=\"column\" data-e-type=\"column\">\n\t\t\t<div class=\"elementor-widget-wrap elementor-element-populated\">\n\t\t\t\t\t\t<div class=\"elementor-element elementor-element-44db378 elementor-widget elementor-widget-heading\" data-id=\"44db378\" data-element_type=\"widget\" data-e-type=\"widget\" data-widget_type=\"heading.default\">\n\t\t\t\t<div class=\"elementor-widget-container\">\n\t\t\t\t\t<h1 class=\"elementor-heading-title elementor-size-default\">Le Cercle des philanthropes \u00e9mergents<\/h1>\t\t\t\t<\/div>\n\t\t\t\t<\/div>\n\t\t\t\t<section class=\"elementor-section elementor-inner-section elementor-element elementor-element-f409164 elementor-section-content-middle elementor-section-boxed elementor-section-height-default elementor-section-height-default\" data-id=\"f409164\" data-element_type=\"section\" data-e-type=\"section\">\n\t\t\t\t\t\t<div class=\"elementor-container elementor-column-gap-wide\">\n\t\t\t\t\t<div class=\"elementor-column elementor-col-50 elementor-inner-column elementor-element elementor-element-fdddc72\" data-id=\"fdddc72\" data-element_type=\"column\" data-e-type=\"column\">\n\t\t\t<div class=\"elementor-widget-wrap elementor-element-populated\">\n\t\t\t\t\t\t<div class=\"elementor-element elementor-element-5f782d8 elementor-widget elementor-widget-heading\" data-id=\"5f782d8\" data-element_type=\"widget\" data-e-type=\"widget\" data-widget_type=\"heading.default\">\n\t\t\t\t<div class=\"elementor-widget-container\">\n\t\t\t\t\t<h4 class=\"elementor-heading-title elementor-size-default\">Le Cercle des philanthropes \u00e9mergents s\u2019adresse aux jeunes professionnel\u00b7le\u00b7s de tout horizon qui d\u00e9sirent faire une diff\u00e9rence dans leur communaut\u00e9. Il est compos\u00e9 d'individus qui contribuent en faisant un don de 500 $ et plus \u00e0 la campagne annuelle. Ils incarnent la solidarit\u00e9 et la g\u00e9n\u00e9rosit\u00e9 qui animent notre communaut\u00e9, devenant ainsi des ambassadeur\u00b7drice\u00b7s de notre organisation.<\/h4>\t\t\t\t<\/div>\n\t\t\t\t<\/div>\n\t\t\t\t<div class=\"elementor-element elementor-element-306f831 elementor-widget elementor-widget-text-editor\" data-id=\"306f831\" data-element_type=\"widget\" data-e-type=\"widget\" data-widget_type=\"text-editor.default\">\n\t\t\t\t<div class=\"elementor-widget-container\">\n\t\t\t\t\t\t\t\t\t<p>\u00ab\u00a0E<i>n tant que jeunes professionnels, nous poss\u00e9dons une influence unique pour transformer notre communaut\u00e9. Beaucoup pensent que notre jeunesse nous limite, mais c\u2019est justement notre \u00e9nergie, notre cr\u00e9ativit\u00e9 et notre d\u00e9termination qui nous donnent la capacit\u00e9 de faire une diff\u00e9rence. Il est important de redonner \u00e0 ceux qui n\u2019ont pas la m\u00eame chance que nous. Avec Centraide, chaque don trouve sa place l\u00e0 o\u00f9 il est le plus n\u00e9cessaire dans notre communaut\u00e9. Ne sous-estimons pas notre impact collectivement.\u00a0\u00bb<\/i><\/p>\n<p><i>&#8211; Vincent Lemieux, directeur de projets sp\u00e9ciaux chez Annexair<\/i><\/p>\t\t\t\t\t\t\t\t<\/div>\n\t\t\t\t<\/div>\n\t\t\t\t<div class=\"elementor-element elementor-element-29ab0d1 elementor-align-justify elementor-widget elementor-widget-button\" data-id=\"29ab0d1\" data-element_type=\"widget\" data-e-type=\"widget\" data-widget_type=\"button.default\">\n\t\t\t\t<div class=\"elementor-widget-container\">\n\t\t\t\t\t\t\t\t\t<div class=\"elementor-button-wrapper\">\n\t\t\t\t\t<a class=\"elementor-button elementor-button-link elementor-size-sm\" href=\"https:\/\/donnez.centraide.ca\/donnez\/WDRUMM\" target=\"_blank\">\n\t\t\t\t\t\t<span class=\"elementor-button-content-wrapper\">\n\t\t\t\t\t\t\t\t\t<span class=\"elementor-button-text\">Faire un don de 500 $ ou plus<\/span>\n\t\t\t\t\t<\/span>\n\t\t\t\t\t<\/a>\n\t\t\t\t<\/div>\n\t\t\t\t\t\t\t\t<\/div>\n\t\t\t\t<\/div>\n\t\t\t\t\t<\/div>\n\t\t<\/div>\n\t\t\t\t<div class=\"elementor-column elementor-col-50 elementor-inner-column elementor-element elementor-element-6027c8d elementor-invisible\" data-id=\"6027c8d\" data-element_type=\"column\" data-e-type=\"column\" data-settings=\"{&quot;animation&quot;:&quot;fadeInRight&quot;}\">\n\t\t\t<div class=\"elementor-widget-wrap elementor-element-populated\">\n\t\t\t\t\t\t<div class=\"elementor-element elementor-element-318609a elementor-widget elementor-widget-image\" data-id=\"318609a\" data-element_type=\"widget\" data-e-type=\"widget\" data-widget_type=\"image.default\">\n\t\t\t\t<div class=\"elementor-widget-container\">\n\t\t\t\t\t\t\t\t\t\t\t\t\t\t\t<img decoding=\"async\" src=\"https:\/\/centraide-rcoq.ca\/cdq\/wp-content\/uploads\/sites\/9\/elementor\/thumbs\/2-1-quyudxnf20hcemr62i4h4ijwy8450eomjqo83zidxw.png\" title=\"2\" alt=\"2\" loading=\"lazy\" \/>\t\t\t\t\t\t\t\t\t\t\t\t\t\t\t<\/div>\n\t\t\t\t<\/div>\n\t\t\t\t\t<\/div>\n\t\t<\/div>\n\t\t\t\t\t<\/div>\n\t\t<\/section>\n\t\t\t\t\t<\/div>\n\t\t<\/div>\n\t\t\t\t\t<\/div>\n\t\t<\/section>\n\t\t\t\t<\/div>\n\t\t","protected":false},"excerpt":{"rendered":"<p>Le Cercle des philanthropes \u00e9mergents Le Cercle des philanthropes \u00e9mergents s\u2019adresse aux jeunes professionnel\u00b7le\u00b7s de tout horizon qui d\u00e9sirent faire une diff\u00e9rence dans leur communaut\u00e9. Il est compos\u00e9 d&rsquo;individus qui contribuent en faisant un don de 500 $ et plus \u00e0 la campagne annuelle. Ils incarnent la solidarit\u00e9 et la g\u00e9n\u00e9rosit\u00e9 qui animent notre communaut\u00e9, [&hellip;]<\/p>\n","protected":false},"author":13,"featured_media":0,"parent":0,"menu_order":0,"comment_status":"closed","ping_status":"closed","template":"elementor_header_footer","meta":{"ocean_post_layout":"","ocean_both_sidebars_style":"","ocean_both_sidebars_content_width":0,"ocean_both_sidebars_sidebars_width":0,"ocean_sidebar":"0","ocean_second_sidebar":"0","ocean_disable_margins":"enable","ocean_add_body_class":"","ocean_shortcode_before_top_bar":"","ocean_shortcode_after_top_bar":"","ocean_shortcode_before_header":"","ocean_shortcode_after_header":"","ocean_has_shortcode":"","ocean_shortcode_after_title":"","ocean_shortcode_before_footer_widgets":"","ocean_shortcode_after_footer_widgets":"","ocean_shortcode_before_footer_bottom":"","ocean_shortcode_after_footer_bottom":"","ocean_display_top_bar":"default","ocean_display_header":"default","ocean_header_style":"","ocean_center_header_left_menu":"0","ocean_custom_header_template":"0","ocean_custom_logo":0,"ocean_custom_retina_logo":0,"ocean_custom_logo_max_width":0,"ocean_custom_logo_tablet_max_width":0,"ocean_custom_logo_mobile_max_width":0,"ocean_custom_logo_max_height":0,"ocean_custom_logo_tablet_max_height":0,"ocean_custom_logo_mobile_max_height":0,"ocean_header_custom_menu":"0","ocean_menu_typo_font_family":"0","ocean_menu_typo_font_subset":"","ocean_menu_typo_font_size":0,"ocean_menu_typo_font_size_tablet":0,"ocean_menu_typo_font_size_mobile":0,"ocean_menu_typo_font_size_unit":"px","ocean_menu_typo_font_weight":"","ocean_menu_typo_font_weight_tablet":"","ocean_menu_typo_font_weight_mobile":"","ocean_menu_typo_transform":"","ocean_menu_typo_transform_tablet":"","ocean_menu_typo_transform_mobile":"","ocean_menu_typo_line_height":0,"ocean_menu_typo_line_height_tablet":0,"ocean_menu_typo_line_height_mobile":0,"ocean_menu_typo_line_height_unit":"","ocean_menu_typo_spacing":0,"ocean_menu_typo_spacing_tablet":0,"ocean_menu_typo_spacing_mobile":0,"ocean_menu_typo_spacing_unit":"","ocean_menu_link_color":"","ocean_menu_link_color_hover":"","ocean_menu_link_color_active":"","ocean_menu_link_background":"","ocean_menu_link_hover_background":"","ocean_menu_link_active_background":"","ocean_menu_social_links_bg":"","ocean_menu_social_hover_links_bg":"","ocean_menu_social_links_color":"","ocean_menu_social_hover_links_color":"","ocean_disable_title":"default","ocean_disable_heading":"default","ocean_post_title":"","ocean_post_subheading":"","ocean_post_title_style":"","ocean_post_title_background_color":"","ocean_post_title_background":0,"ocean_post_title_bg_image_position":"","ocean_post_title_bg_image_attachment":"","ocean_post_title_bg_image_repeat":"","ocean_post_title_bg_image_size":"","ocean_post_title_height":0,"ocean_post_title_bg_overlay":0.5,"ocean_post_title_bg_overlay_color":"","ocean_disable_breadcrumbs":"default","ocean_breadcrumbs_color":"","ocean_breadcrumbs_separator_color":"","ocean_breadcrumbs_links_color":"","ocean_breadcrumbs_links_hover_color":"","ocean_display_footer_widgets":"default","ocean_display_footer_bottom":"default","ocean_custom_footer_template":"0","footnotes":""},"class_list":["post-2692","page","type-page","status-publish","hentry","entry"],"_links":{"self":[{"href":"https:\/\/centraide-rcoq.ca\/cdq\/wp-json\/wp\/v2\/pages\/2692","targetHints":{"allow":["GET"]}}],"collection":[{"href":"https:\/\/centraide-rcoq.ca\/cdq\/wp-json\/wp\/v2\/pages"}],"about":[{"href":"https:\/\/centraide-rcoq.ca\/cdq\/wp-json\/wp\/v2\/types\/page"}],"author":[{"embeddable":true,"href":"https:\/\/centraide-rcoq.ca\/cdq\/wp-json\/wp\/v2\/users\/13"}],"replies":[{"embeddable":true,"href":"https:\/\/centraide-rcoq.ca\/cdq\/wp-json\/wp\/v2\/comments?post=2692"}],"version-history":[{"count":58,"href":"https:\/\/centraide-rcoq.ca\/cdq\/wp-json\/wp\/v2\/pages\/2692\/revisions"}],"predecessor-version":[{"id":2753,"href":"https:\/\/centraide-rcoq.ca\/cdq\/wp-json\/wp\/v2\/pages\/2692\/revisions\/2753"}],"wp:attachment":[{"href":"https:\/\/centraide-rcoq.ca\/cdq\/wp-json\/wp\/v2\/media?parent=2692"}],"curies":[{"name":"wp","href":"https:\/\/api.w.org\/{rel}","templated":true}]}}

Cercle des philanthropes émergents

<div data-elementor-type="wp-post" data-elementor-id="2692" class="elementor elementor-2692" data-elementor-post-type="page">
						<section class="elementor-section elementor-top-section elementor-element elementor-element-c62b646 elementor-section-content-middle elementor-section-boxed elementor-section-height-default elementor-section-height-default" data-id="c62b646" data-element_type="section" data-e-type="section" data-settings="{&quot;background_background&quot;:&quot;classic&quot;}">
						<div class="elementor-container elementor-column-gap-default">
					<div class="elementor-column elementor-col-100 elementor-top-column elementor-element elementor-element-08cbf61" data-id="08cbf61" data-element_type="column" data-e-type="column">
			<div class="elementor-widget-wrap elementor-element-populated">
						<div class="elementor-element elementor-element-44db378 elementor-widget elementor-widget-heading" data-id="44db378" data-element_type="widget" data-e-type="widget" data-widget_type="heading.default">
				<div class="elementor-widget-container">
					<h1 class="elementor-heading-title elementor-size-default">Le Cercle des philanthropes émergents</h1>				</div>
				</div>
				<section class="elementor-section elementor-inner-section elementor-element elementor-element-f409164 elementor-section-content-middle elementor-section-boxed elementor-section-height-default elementor-section-height-default" data-id="f409164" data-element_type="section" data-e-type="section">
						<div class="elementor-container elementor-column-gap-wide">
					<div class="elementor-column elementor-col-50 elementor-inner-column elementor-element elementor-element-fdddc72" data-id="fdddc72" data-element_type="column" data-e-type="column">
			<div class="elementor-widget-wrap elementor-element-populated">
						<div class="elementor-element elementor-element-5f782d8 elementor-widget elementor-widget-heading" data-id="5f782d8" data-element_type="widget" data-e-type="widget" data-widget_type="heading.default">
				<div class="elementor-widget-container">
					<h4 class="elementor-heading-title elementor-size-default">Le Cercle des philanthropes émergents s’adresse aux jeunes professionnel·le·s de tout horizon qui désirent faire une différence dans leur communauté. Il est composé d'individus qui contribuent en faisant un don de 500 $ et plus à la campagne annuelle. Ils incarnent la solidarité et la générosité qui animent notre communauté, devenant ainsi des ambassadeur·drice·s de notre organisation.</h4>				</div>
				</div>
				<div class="elementor-element elementor-element-306f831 elementor-widget elementor-widget-text-editor" data-id="306f831" data-element_type="widget" data-e-type="widget" data-widget_type="text-editor.default">
				<div class="elementor-widget-container">
									<p>« E<i>n tant que jeunes professionnels, nous possédons une influence unique pour transformer notre communauté. Beaucoup pensent que notre jeunesse nous limite, mais c’est justement notre énergie, notre créativité et notre détermination qui nous donnent la capacité de faire une différence. Il est important de redonner à ceux qui n’ont pas la même chance que nous. Avec Centraide, chaque don trouve sa place là où il est le plus nécessaire dans notre communauté. Ne sous-estimons pas notre impact collectivement. »</i></p>
<p><i>&#8211; Vincent Lemieux, directeur de projets spéciaux chez Annexair</i></p>								</div>
				</div>
				<div class="elementor-element elementor-element-29ab0d1 elementor-align-justify elementor-widget elementor-widget-button" data-id="29ab0d1" data-element_type="widget" data-e-type="widget" data-widget_type="button.default">
				<div class="elementor-widget-container">
									<div class="elementor-button-wrapper">
					<a class="elementor-button elementor-button-link elementor-size-sm" href="https://donnez.centraide.ca/donnez/WDRUMM" target="_blank">
						<span class="elementor-button-content-wrapper">
									<span class="elementor-button-text">Faire un don de 500 $ ou plus</span>
					</span>
					</a>
				</div>
								</div>
				</div>
					</div>
		</div>
				<div class="elementor-column elementor-col-50 elementor-inner-column elementor-element elementor-element-6027c8d elementor-invisible" data-id="6027c8d" data-element_type="column" data-e-type="column" data-settings="{&quot;animation&quot;:&quot;fadeInRight&quot;}">
			<div class="elementor-widget-wrap elementor-element-populated">
						<div class="elementor-element elementor-element-318609a elementor-widget elementor-widget-image" data-id="318609a" data-element_type="widget" data-e-type="widget" data-widget_type="image.default">
				<div class="elementor-widget-container">
															<img decoding="async" src="https://centraide-rcoq.ca/cdq/wp-content/uploads/sites/9/elementor/thumbs/2-1-quyudxnf20hcemr62i4h4ijwy8450eomjqo83zidxw.png" title="2" alt="2" loading="lazy" />															</div>
				</div>
					</div>
		</div>
					</div>
		</section>
					</div>
		</div>
					</div>
		</section>
				</div>

<p>Le Cercle des philanthropes émergents Le Cercle des philanthropes émergents s’adresse aux jeunes professionnel·le·s de tout horizon qui désirent faire une différence dans leur communauté. Il est composé d&rsquo;individus qui contribuent en faisant un don de 500 $ et plus à la campagne annuelle. Ils incarnent la solidarité et la générosité qui animent notre communauté, [&hellip;]</p>
